). Let g be f(-5). What is the units digit of (-12)/1*1/g?
4
Suppose -2*n + 3 = n. Let l = 3 + n. Suppose 0 = -l*d + 9 + 7. What is the units digit of d?
4
Let p be -12*(81/(-6))/3. Suppose 2*j = -2*h + p, -2*h = -0*h - j - 60. What is the tens digit of h?
2
Let n = 165 + -67. What is the tens digit of n?
9
Let t = -29 - -5. Let w be (-18)/(-8) + 6/t. Suppose -x = -w*x + 9. What is the units digit of x?
9
Suppose z - 65 + 40 = 0. What is the tens digit of z?
2
Let w be (-604)/10 - (-4)/10. What is the units digit of (-1248)/w - (-1)/5?
1
Let u = 3 - -1. Let a(c) = c + 4. Let f be a(-3). Suppose 3*s + f = u. What is the units digit of s?
1
Let z be ((-8)/(-5))/(2/5). Suppose 3*s + 58 = -5*f + 188, 4*f + z*s - 104 = 0. What is the tens digit of f?
2
Let p = 16 - 40. Let i = p + 41. What is the units digit of i?
7
Suppose 5*v + r = -3, -1 - 5 = -4*v + 2*r. Suppose 2*j + 2 = -v*j. Let y = j + 2. What is the units digit of y?
1
What is the tens digit of (-174)/(-4)*8/6?
5
Suppose 828 = 5*r + 7*r. What is the units digit of r?
9
Suppose v - 112 = -3*v + 4*c, -2*v = -3*c - 55. Let x = -12 + v. What is the units digit of x?
7
Suppose -2*b + 4*b - 68 = -2*j, -5*b - 3*j + 160 = 0. What is the units digit of b?
9
Let k be (3/9)/((-3)/18). Let t = k - -6. What is the units digit of t?
4
Let w be (-2)/((-2)/14 + 0). Suppose -2*b + w - 4 = 0. What is the units digit of b?
5
Let v(u) = -u**2 + 4*u + 6. Let z be v(6). What is the units digit of (46/z + 3)*-3?
4
Let x(t) = -t**3 - 5*t**2 - t + 2. Let o(a) = -2*a - 5. Let r be o(-4). Let v(m) = -1. Let q(s) = r*v(s) - x(s). What is the units digit of q(-4)?
7
Suppose 0 = 5*r + 2*f - 221, 0 = -8*f + 3*f + 15. What is the units digit of r?
3
Suppose -2*r + 19 = -y + 5, 0 = -r - 3*y. Suppose 124 = r*s - 2*s. What is the units digit of s?
1
Let z(x) = 2*x**2 + 10*x + 4. Let p(s) = s. Let g(c) = -3*p(c) + z(c). What is the tens digit of g(-5)?
1
What is the units digit of (-168)/16*(-10)/3?
5
What is the tens digit of (3*26)/((-3)/(-3 + 0))?
7
Let u be (-135)/(-2) - (-2)/4. Suppose -2*y = 2*y - u. What is the tens digit of y?
1
Let q(f) = 2*f**2. Let w be q(-1). Suppose 0 = -d + w + 26. What is the tens digit of d?
2
Suppose 0*t - 2*t - 6 = 0. Let x be t - -3 - -3 - -22. What is the units digit of (-2)/5 - (-385)/x?
5
Let l(i) = -8*i + 1 - 3 + 12*i. What is the units digit of l(2)?
6
Suppose 16 = 3*k + k. Suppose k*y = 36 - 8. What is the units digit of y?
7
Let g = -1 - -3. Let m be (3/g)/(2/4). Suppose m*t + t = 12. What is the units digit of t?
3
What is the units digit of (-1 - (-1 + 2)) + 18?
6
Let c = 1 - 1. Let u(l) = -3*l - 83. Let t be u(-27). What is the units digit of (c - (-1 + t)) + 6?
9
Suppose 38 = 5*j + 2*x, -4*j + 3*x - 4*x = -28. Suppose -12 = -4*o + 5*v, 2*o = -0*v - v + j. Suppose -60 = -2*b - o*b. What is the units digit of b?
2
Let f(z) = 3*z**3 - z**2 + z + 1. Let k be f(-1). Let g be k/(-6)*(0 + 3). Suppose -g*a - b = -4, 2*a + b = 3*a - 8. What is the units digit of a?
4
Suppose 4*z + 12 = 4*u, -2*u + 15 = 3*u. Suppose 4*g = 6*g. Suppose f + g*f - 5 = z. What is the units digit of f?
5
Let q = 0 + 1. Let y = q - -3. Suppose -3*z + 2 - 5 = y*d, z = -3*d - 6. What is the units digit of z?
3
Suppose 3*f - 6 = 0, -i - 5*f = 2*i - 355. Suppose -5*l - 5*v = -i, 68 = -2*l + 6*l - 4*v. What is the units digit of l?
0
Let o(x) = 8*x**2 - 4*x - 31. What is the units digit of o(-7)?
9
What is the tens digit of ((-178)/(-6))/((-9)/(-27))?
8
Suppose -3*b + 24 = -3*j, -5*j - 4 = -3*b + 2*b. Suppose 5*o + 3*y = 28, 0*y - y - b = -2*o. What is the units digit of o?
5
Let s be (-24 - 2)/(2/(-5)). What is the units digit of (-1)/(-2) + s/10?
7
Let s be 12/36*0/2. Let p(v) be the first derivative of -v**3/3 + 2*v - 1. What is the units digit of p(s)?
2
Suppose 208 + 122 = 2*b. What is the hundreds digit of b?
1
Let o(t) = 3 + t - 5 + 0. Let h be o(4). What is the units digit of (-1)/(-4)*10*h?
5
Suppose 5*o = -26 - 44. What is the units digit of 4/o + (-1100)/(-28)?
9
Suppose 0 = 2*q - 5*d - 73, -2*q + 5*d + 49 = -q. Suppose -5*w + q = -3*y + 8, 4*y + 8 = 0. What is the units digit of w?
2
Suppose -5*a + 30 + 15 = 0. Suppose 2*u + i = 38, 0 = 4*u - a*u + 3*i + 117. What is the units digit of 1/(-3) - (-28)/u?
1
Let x = 14 - 11. Suppose -x + 0 = -3*f. What is the units digit of f?
1
Suppose -2*s + 4*s - 12 = 0. Suppose -j + 4*j - s = 0. What is the units digit of j?
2
Let d = 7 - 7. Suppose -4*l - v + 2*v + 17 = d, 0 = -l - 2*v - 7. What is the units digit of l?
3
Suppose -2 + 59 = 3*t. Let b = -1 + t. What is the tens digit of b?
1
Suppose 0 = 6*x + x - 287. Let c = x + -4. What is the units digit of c?
7
Let o(a) = -a**3 + 5*a**2 + 8*a - 7. Let b be o(6). Suppose 5*t = -b*w + 40, 3*t + w = 6*t - 32. What is the tens digit of t?
1
Let x = -224 - -460. What is the tens digit of x?
3
Let f = 1 - 7. Let s be (1/3)/((-1)/f). Suppose -20 - 15 = -s*w - 5*i, 2*i + 44 = 5*w. What is the units digit of w?
0
Let s(y) = 15*y + 11. What is the units digit of s(4)?
1
Let n be 10/(-4)*18/9. What is the units digit of 6 - (-5)/(n/2)?
4
Let h = -15 - -11. Let t = -12 - h. What is the units digit of (-8 + 2)*t/6?
8
Let d = 27 + 106. What is the hundreds digit of d?
1
Let r = -33 + 23. Let y(g) = g**2 + 5*g - 10. What is the tens digit of y(r)?
4
Let j = -19 - -24. What is the units digit of j?
5
Let o(k) = -k**3 + 6*k**2 + 5. Let h = 7 - 5. Let n = h - -4. What is the units digit of o(n)?
5
Suppose 4*c = 3*g - 16, 6*g - 2*c - 28 = 2*g. What is the units digit of g?
8
Suppose -3*z = 4*q + 23, -32 - 14 = 5*q - 2*z. Let v be 8/3*(-18)/q. What is the units digit of (v/18)/(2/6)?
1
Suppose -32 = -3*o + 19. What is the tens digit of o?
1
Let o = 60 + 96. What is the units digit of o?
6
Let j = -28 + 80. What is the tens digit of j?
5
Let a(k) = 4*k + 1. Let g be a(3). Let d = g + -11. What is the units digit of d?
2
Let m = 4 + -4. Suppose f - 2*z + m = 14, -f = -z - 11. What is the units digit of f?
8
Let k be -2 - (2 - (28 - 3)). Let h = k - 15. What is the units digit of h?
6
Suppose -4*j + 1593 = -7*u + 4*u, -3*j = u - 1185. What is the hundreds digit of j?
3
Let a(q) = q**2 - 6*q + 7. Let h be 2 - (1 + 0 - 3). Suppose v + 2 = 0, 2*f + 0*v - 4 = -h*v. What is the units digit of a(f)?
7
Let o = 2 - 2. Let x be (-6)/(-4) - 2/4. Suppose -52 = -4*i - 4*c, o = 2*c - x + 7. What is the units digit of i?
6
Let n(b) be the third derivative of -1/24*b**4 - b**2 + 1/120*b**6 + 0 - 1/15*b**5 + 0*b - 5/6*b**3. What is the units digit of n(5)?
5
Let g be (-1)/(0 - (-3)/6). Let a be g/5 + (-36)/(-15). Suppose 0 = a*n + n - 39. What is the tens digit of n?
1
Let q(i) = -i**3 - 5*i**2 - 6*i - 10. Let u be q(-4). What is the units digit of 57 + 3 + 10/u?
5
Suppose 0 = -y + 3*f - f + 12, 4*f + 4 = -3*y. Let s = y - 7. Let u(l) = l**3 + 4*l**2 + 3*l + 4. What is the units digit of u(s)?
4
Suppose 3*n + z + 2 = 4*n, 4*z = 0. Suppose u = 3*t - 16, -u + 3 - 7 = -t. What is the units digit of 2/(t/15) + n?
7
Let y(n) = n**3 + 8*n**2 - 10*n. What is the units digit of y(-9)?
9
Let n = -47 - -66. What is the units digit of n?
9
Let r = -33 + 36. What is the units digit of r?
3
What is the units digit of ((-6)/(-10))/(11/495)?
7
Let s(r) = r**3 - 3*r**2 - 5*r + 6. Let l be s(4). Suppose 0 = l*x + 2*i - 98, 3*x + 4*i + 54 = 199. What is the units digit of x?
1
Suppose 0 + 4 = 2*t. Suppose 0*a + 15 = 3*a. Suppose -t*b = 0, 5*i - a*b + 6 = 36. What is the units digit of i?
6
Suppose -4*w - 1 = 5*z + 7, -3*w - z = 6. Let x = 3 - w. What is the units digit of x?
5
Let l(r) = r**3 - 10*r**2 + 12*r + 10. What is the tens digit of l(9)?
3
Suppose 5*l - 29 = 2*d, 3*l + 3*d - 19 = -2*l. What is the units digit of l?
5
Let a(v) = -v**3 + 4*v + 3. Let y be a(-3). Suppose 77 = 5*r - y. What is the tens digit of r?
1
Let h(c) = 2*c**2 + 9*c - 2. What is the units digit of h(-5)?
3
Let s = 8 - -44. Let i = -31 + s. What is the tens digit of i?
2
Suppose -p + 3*c + 38 = 0, 8*p - c - 190 = 3*p. What is the units digit of p?
8
Let p(h) = -3*h. Let j be -1 - (0 - 3) - 3. What is the units digit of p(j)?
3
Let y = 56 + -36. Suppose 0*r - r - 9 = 0. Let d = y + r. What is the units digit of d?
1
Let h(o) = 4*o**2 - 6*o + 13. Let w(g) = 5*g**2 - 6*g + 13. Let z(j) = 4*h(